{"id":2985,"date":"2023-08-29T16:23:12","date_gmt":"2023-08-29T16:23:12","guid":{"rendered":"https:\/\/soundimageculture.org\/film\/in-het-spoor-van-zonneroos\/"},"modified":"2023-12-20T10:39:36","modified_gmt":"2023-12-20T10:39:36","slug":"in-het-spoor-van-zonneroos","status":"publish","type":"film","link":"https:\/\/soundimageculture.org\/fr\/film\/in-het-spoor-van-zonneroos\/","title":{"rendered":"In het spoor van zonneroos"},"content":{"rendered":"\n<h1 class=\"wp-block-heading\">In het spoor van zonneroos<br>On The Trail of Rock Rose<\/h1>\n\n\n\n<h2 class=\"wp-block-heading\">de Hannah Bailliu<\/h2>\n\n\n\n<div style=\"height:13px\" aria-hidden=\"true\" class=\"wp-block-spacer\"><\/div>\n\n\n<section id=\"sic-regular-text-block_44c1f0fd1f726fa9bf3bc5d8ce7f6a95\" class=\"sic-regular-text two-columns\"><h2 class=\"section-title page-title\">Synopsis<\/h2><div class=\"content-wrapper\"><div class=\"gmail_quote\">\n<div class=\"gmail_quote\">\n<p>Dans sa qu\u00eate de libert\u00e9, Andr\u00e9 Viane a renonc\u00e9 \u00e0 la vie en soci\u00e9t\u00e9 et s&rsquo;est retir\u00e9 dans une vall\u00e9e portugaise isol\u00e9e. Pendant quarante ans, il vit immerg\u00e9 dans la terre et l&rsquo;exp\u00e9rience physique de l&rsquo;\u00eatre qu&rsquo;elle \u00e9voque, jusqu&rsquo;\u00e0 ce que l&rsquo;\u00eatre devienne insupportable. Andr\u00e9 exprime le souhait de mettre fin \u00e0 ses jours, ce qui complique le lien avec sa fille unique.<\/p>\n<p>Lorsque j&rsquo;ai rencontr\u00e9 Andr\u00e9 et sa fille Seren il y a six ans, j&rsquo;\u00e9tais plein de questions sur comment et o\u00f9 vivre ma vie. Leur fa\u00e7on de vivre m&rsquo;a inspir\u00e9 et j&rsquo;ai commenc\u00e9 \u00e0 filmer de longues prises d&rsquo;observation pour tenter de respirer \u00e0 leur rythme. Lorsque le souhait d\u2019Andr\u00e9 de mettre fin \u00e0 ses jours est devenu plus clair, les questions se sont intensifi\u00e9es sur l\u2019\u00e9vasion romanc\u00e9e. Avec ce film, je veux r\u00e9fl\u00e9chir sur la recherche d&rsquo;un but, l&rsquo;impact de l&rsquo;isolement et l&rsquo;importance de la connexion humaine.<\/p>\n<\/div>\n<\/div>\n<\/div><\/section>","protected":false},"excerpt":{"rendered":"<p>In het spoor van zonneroosOn The Trail of Rock Rose de Hannah Bailliu<\/p>\n","protected":false},"featured_media":582,"template":"","film-category":[55],"film-year":[37],"class_list":["post-2985","film","type-film","status-publish","has-post-thumbnail","hentry","film-category-post-production-fr","film-year-37"],"acf":[],"yoast_head":"<!-- This site is optimized with the Yoast SEO plugin v24.0 - https:\/\/yoast.com\/wordpress\/plugins\/seo\/ -->\n<title>In het spoor van zonneroos &#8211; Sound Image Culture<\/title>\n<meta name=\"robots\" content=\"index, follow, max-snippet:-1, max-image-preview:large, max-video-preview:-1\" \/>\n<link rel=\"canonical\" href=\"https:\/\/soundimageculture.org\/fr\/film\/in-het-spoor-van-zonneroos\/\" \/>\n<meta property=\"og:locale\" content=\"fr_FR\" \/>\n<meta property=\"og:type\" content=\"article\" \/>\n<meta property=\"og:title\" content=\"In het spoor van zonneroos &#8211; Sound Image Culture\" \/>\n<meta property=\"og:description\" content=\"In het spoor van zonneroosOn The Trail of Rock Rose de Hannah Bailliu\" \/>\n<meta property=\"og:url\" content=\"https:\/\/soundimageculture.org\/fr\/film\/in-het-spoor-van-zonneroos\/\" \/>\n<meta property=\"og:site_name\" content=\"Sound Image Culture\" \/>\n<meta property=\"article:modified_time\" content=\"2023-12-20T10:39:36+00:00\" \/>\n<meta property=\"og:image\" content=\"https:\/\/soundimageculture.org\/wp-content\/uploads\/2023\/08\/Hannah-Baillliu.jpg\" \/>\n\t<meta property=\"og:image:width\" content=\"1600\" \/>\n\t<meta property=\"og:image:height\" content=\"900\" \/>\n\t<meta property=\"og:image:type\" content=\"image\/jpeg\" \/>\n<meta name=\"twitter:card\" content=\"summary_large_image\" \/>\n<meta name=\"twitter:label1\" content=\"Dur\u00e9e de lecture estim\u00e9e\" \/>\n\t<meta name=\"twitter:data1\" content=\"1 minute\" \/>\n<script type=\"application\/ld+json\" class=\"yoast-schema-graph\">{\"@context\":\"https:\/\/schema.org\",\"@graph\":[{\"@type\":\"WebPage\",\"@id\":\"https:\/\/soundimageculture.org\/fr\/film\/in-het-spoor-van-zonneroos\/\",\"url\":\"https:\/\/soundimageculture.org\/fr\/film\/in-het-spoor-van-zonneroos\/\",\"name\":\"In het spoor van zonneroos &#8211; Sound Image Culture\",\"isPartOf\":{\"@id\":\"https:\/\/soundimageculture.org\/fr\/#website\"},\"primaryImageOfPage\":{\"@id\":\"https:\/\/soundimageculture.org\/fr\/film\/in-het-spoor-van-zonneroos\/#primaryimage\"},\"image\":{\"@id\":\"https:\/\/soundimageculture.org\/fr\/film\/in-het-spoor-van-zonneroos\/#primaryimage\"},\"thumbnailUrl\":\"https:\/\/soundimageculture.org\/wp-content\/uploads\/2023\/08\/Hannah-Baillliu.jpg\",\"datePublished\":\"2023-08-29T16:23:12+00:00\",\"dateModified\":\"2023-12-20T10:39:36+00:00\",\"breadcrumb\":{\"@id\":\"https:\/\/soundimageculture.org\/fr\/film\/in-het-spoor-van-zonneroos\/#breadcrumb\"},\"inLanguage\":\"fr-FR\",\"potentialAction\":[{\"@type\":\"ReadAction\",\"target\":[\"https:\/\/soundimageculture.org\/fr\/film\/in-het-spoor-van-zonneroos\/\"]}]},{\"@type\":\"ImageObject\",\"inLanguage\":\"fr-FR\",\"@id\":\"https:\/\/soundimageculture.org\/fr\/film\/in-het-spoor-van-zonneroos\/#primaryimage\",\"url\":\"https:\/\/soundimageculture.org\/wp-content\/uploads\/2023\/08\/Hannah-Baillliu.jpg\",\"contentUrl\":\"https:\/\/soundimageculture.org\/wp-content\/uploads\/2023\/08\/Hannah-Baillliu.jpg\",\"width\":1600,\"height\":900},{\"@type\":\"BreadcrumbList\",\"@id\":\"https:\/\/soundimageculture.org\/fr\/film\/in-het-spoor-van-zonneroos\/#breadcrumb\",\"itemListElement\":[{\"@type\":\"ListItem\",\"position\":1,\"name\":\"Home\",\"item\":\"https:\/\/soundimageculture.org\/fr\/\"},{\"@type\":\"ListItem\",\"position\":2,\"name\":\"Films\",\"item\":\"https:\/\/soundimageculture.org\/fr\/film\/\"},{\"@type\":\"ListItem\",\"position\":3,\"name\":\"In het spoor van zonneroos\"}]},{\"@type\":\"WebSite\",\"@id\":\"https:\/\/soundimageculture.org\/fr\/#website\",\"url\":\"https:\/\/soundimageculture.org\/fr\/\",\"name\":\"Sound Image Culture\",\"description\":\"Penser \/ Filmer\",\"publisher\":{\"@id\":\"https:\/\/soundimageculture.org\/fr\/#organization\"},\"potentialAction\":[{\"@type\":\"SearchAction\",\"target\":{\"@type\":\"EntryPoint\",\"urlTemplate\":\"https:\/\/soundimageculture.org\/fr\/?s={search_term_string}\"},\"query-input\":{\"@type\":\"PropertyValueSpecification\",\"valueRequired\":true,\"valueName\":\"search_term_string\"}}],\"inLanguage\":\"fr-FR\"},{\"@type\":\"Organization\",\"@id\":\"https:\/\/soundimageculture.org\/fr\/#organization\",\"name\":\"Sound Image Culture\",\"url\":\"https:\/\/soundimageculture.org\/fr\/\",\"logo\":{\"@type\":\"ImageObject\",\"inLanguage\":\"fr-FR\",\"@id\":\"https:\/\/soundimageculture.org\/fr\/#\/schema\/logo\/image\/\",\"url\":\"https:\/\/soundimageculture.org\/wp-content\/uploads\/2023\/05\/sic_logo_white_circle_vec.svg\",\"contentUrl\":\"https:\/\/soundimageculture.org\/wp-content\/uploads\/2023\/05\/sic_logo_white_circle_vec.svg\",\"width\":1,\"height\":1,\"caption\":\"Sound Image Culture\"},\"image\":{\"@id\":\"https:\/\/soundimageculture.org\/fr\/#\/schema\/logo\/image\/\"}}]}<\/script>\n<!-- \/ Yoast SEO plugin. -->","yoast_head_json":{"title":"In het spoor van zonneroos &#8211; Sound Image Culture","robots":{"index":"index","follow":"follow","max-snippet":"max-snippet:-1","max-image-preview":"max-image-preview:large","max-video-preview":"max-video-preview:-1"},"canonical":"https:\/\/soundimageculture.org\/fr\/film\/in-het-spoor-van-zonneroos\/","og_locale":"fr_FR","og_type":"article","og_title":"In het spoor van zonneroos &#8211; Sound Image Culture","og_description":"In het spoor van zonneroosOn The Trail of Rock Rose de Hannah Bailliu","og_url":"https:\/\/soundimageculture.org\/fr\/film\/in-het-spoor-van-zonneroos\/","og_site_name":"Sound Image Culture","article_modified_time":"2023-12-20T10:39:36+00:00","og_image":[{"width":1600,"height":900,"url":"https:\/\/soundimageculture.org\/wp-content\/uploads\/2023\/08\/Hannah-Baillliu.jpg","type":"image\/jpeg"}],"twitter_card":"summary_large_image","twitter_misc":{"Dur\u00e9e de lecture estim\u00e9e":"1 minute"},"schema":{"@context":"https:\/\/schema.org","@graph":[{"@type":"WebPage","@id":"https:\/\/soundimageculture.org\/fr\/film\/in-het-spoor-van-zonneroos\/","url":"https:\/\/soundimageculture.org\/fr\/film\/in-het-spoor-van-zonneroos\/","name":"In het spoor van zonneroos &#8211; Sound Image Culture","isPartOf":{"@id":"https:\/\/soundimageculture.org\/fr\/#website"},"primaryImageOfPage":{"@id":"https:\/\/soundimageculture.org\/fr\/film\/in-het-spoor-van-zonneroos\/#primaryimage"},"image":{"@id":"https:\/\/soundimageculture.org\/fr\/film\/in-het-spoor-van-zonneroos\/#primaryimage"},"thumbnailUrl":"https:\/\/soundimageculture.org\/wp-content\/uploads\/2023\/08\/Hannah-Baillliu.jpg","datePublished":"2023-08-29T16:23:12+00:00","dateModified":"2023-12-20T10:39:36+00:00","breadcrumb":{"@id":"https:\/\/soundimageculture.org\/fr\/film\/in-het-spoor-van-zonneroos\/#breadcrumb"},"inLanguage":"fr-FR","potentialAction":[{"@type":"ReadAction","target":["https:\/\/soundimageculture.org\/fr\/film\/in-het-spoor-van-zonneroos\/"]}]},{"@type":"ImageObject","inLanguage":"fr-FR","@id":"https:\/\/soundimageculture.org\/fr\/film\/in-het-spoor-van-zonneroos\/#primaryimage","url":"https:\/\/soundimageculture.org\/wp-content\/uploads\/2023\/08\/Hannah-Baillliu.jpg","contentUrl":"https:\/\/soundimageculture.org\/wp-content\/uploads\/2023\/08\/Hannah-Baillliu.jpg","width":1600,"height":900},{"@type":"BreadcrumbList","@id":"https:\/\/soundimageculture.org\/fr\/film\/in-het-spoor-van-zonneroos\/#breadcrumb","itemListElement":[{"@type":"ListItem","position":1,"name":"Home","item":"https:\/\/soundimageculture.org\/fr\/"},{"@type":"ListItem","position":2,"name":"Films","item":"https:\/\/soundimageculture.org\/fr\/film\/"},{"@type":"ListItem","position":3,"name":"In het spoor van zonneroos"}]},{"@type":"WebSite","@id":"https:\/\/soundimageculture.org\/fr\/#website","url":"https:\/\/soundimageculture.org\/fr\/","name":"Sound Image Culture","description":"Penser \/ Filmer","publisher":{"@id":"https:\/\/soundimageculture.org\/fr\/#organization"},"potentialAction":[{"@type":"SearchAction","target":{"@type":"EntryPoint","urlTemplate":"https:\/\/soundimageculture.org\/fr\/?s={search_term_string}"},"query-input":{"@type":"PropertyValueSpecification","valueRequired":true,"valueName":"search_term_string"}}],"inLanguage":"fr-FR"},{"@type":"Organization","@id":"https:\/\/soundimageculture.org\/fr\/#organization","name":"Sound Image Culture","url":"https:\/\/soundimageculture.org\/fr\/","logo":{"@type":"ImageObject","inLanguage":"fr-FR","@id":"https:\/\/soundimageculture.org\/fr\/#\/schema\/logo\/image\/","url":"https:\/\/soundimageculture.org\/wp-content\/uploads\/2023\/05\/sic_logo_white_circle_vec.svg","contentUrl":"https:\/\/soundimageculture.org\/wp-content\/uploads\/2023\/05\/sic_logo_white_circle_vec.svg","width":1,"height":1,"caption":"Sound Image Culture"},"image":{"@id":"https:\/\/soundimageculture.org\/fr\/#\/schema\/logo\/image\/"}}]}},"_links":{"self":[{"href":"https:\/\/soundimageculture.org\/fr\/wp-json\/wp\/v2\/film\/2985","targetHints":{"allow":["GET"]}}],"collection":[{"href":"https:\/\/soundimageculture.org\/fr\/wp-json\/wp\/v2\/film"}],"about":[{"href":"https:\/\/soundimageculture.org\/fr\/wp-json\/wp\/v2\/types\/film"}],"wp:featuredmedia":[{"embeddable":true,"href":"https:\/\/soundimageculture.org\/fr\/wp-json\/wp\/v2\/media\/582"}],"wp:attachment":[{"href":"https:\/\/soundimageculture.org\/fr\/wp-json\/wp\/v2\/media?parent=2985"}],"wp:term":[{"taxonomy":"film-category","embeddable":true,"href":"https:\/\/soundimageculture.org\/fr\/wp-json\/wp\/v2\/film-category?post=2985"},{"taxonomy":"film-year","embeddable":true,"href":"https:\/\/soundimageculture.org\/fr\/wp-json\/wp\/v2\/film-year?post=2985"}],"curies":[{"name":"wp","href":"https:\/\/api.w.org\/{rel}","templated":true}]}}

<h1 class="wp-block-heading">In het spoor van zonneroos<br>On The Trail of Rock Rose</h1>



<h2 class="wp-block-heading">de Hannah Bailliu</h2>



<div style="height:13px" aria-hidden="true" class="wp-block-spacer"></div>


<section id="sic-regular-text-block_44c1f0fd1f726fa9bf3bc5d8ce7f6a95" class="sic-regular-text two-columns"><h2 class="section-title page-title">Synopsis</h2><div class="content-wrapper"><div class="gmail_quote">
<div class="gmail_quote">
<p>Dans sa quête de liberté, André Viane a renoncé à la vie en société et s&rsquo;est retiré dans une vallée portugaise isolée. Pendant quarante ans, il vit immergé dans la terre et l&rsquo;expérience physique de l&rsquo;être qu&rsquo;elle évoque, jusqu&rsquo;à ce que l&rsquo;être devienne insupportable. André exprime le souhait de mettre fin à ses jours, ce qui complique le lien avec sa fille unique.</p>
<p>Lorsque j&rsquo;ai rencontré André et sa fille Seren il y a six ans, j&rsquo;étais plein de questions sur comment et où vivre ma vie. Leur façon de vivre m&rsquo;a inspiré et j&rsquo;ai commencé à filmer de longues prises d&rsquo;observation pour tenter de respirer à leur rythme. Lorsque le souhait d’André de mettre fin à ses jours est devenu plus clair, les questions se sont intensifiées sur l’évasion romancée. Avec ce film, je veux réfléchir sur la recherche d&rsquo;un but, l&rsquo;impact de l&rsquo;isolement et l&rsquo;importance de la connexion humaine.</p>
</div>
</div>
</div></section>

<!-- This site is optimized with the Yoast SEO plugin v24.0 - https://yoast.com/wordpress/plugins/seo/ -->
<title>In het spoor van zonneroos &#8211; Sound Image Culture</title>
<meta name="robots" content="index, follow, max-snippet:-1, max-image-preview:large, max-video-preview:-1" />
<link rel="canonical" href="https://soundimageculture.org/fr/film/in-het-spoor-van-zonneroos/" />
<meta property="og:locale" content="fr_FR" />
<meta property="og:type" content="article" />
<meta property="og:title" content="In het spoor van zonneroos &#8211; Sound Image Culture" />
<meta property="og:description" content="In het spoor van zonneroosOn The Trail of Rock Rose de Hannah Bailliu" />
<meta property="og:url" content="https://soundimageculture.org/fr/film/in-het-spoor-van-zonneroos/" />
<meta property="og:site_name" content="Sound Image Culture" />
<meta property="article:modified_time" content="2023-12-20T10:39:36+00:00" />
<meta property="og:image" content="https://soundimageculture.org/wp-content/uploads/2023/08/Hannah-Baillliu.jpg" />
	<meta property="og:image:width" content="1600" />
	<meta property="og:image:height" content="900" />
	<meta property="og:image:type" content="image/jpeg" />
<meta name="twitter:card" content="summary_large_image" />
<meta name="twitter:label1" content="Durée de lecture estimée" />
	<meta name="twitter:data1" content="1 minute" />
<script type="application/ld+json" class="yoast-schema-graph">{"@context":"https://schema.org","@graph":[{"@type":"WebPage","@id":"https://soundimageculture.org/fr/film/in-het-spoor-van-zonneroos/","url":"https://soundimageculture.org/fr/film/in-het-spoor-van-zonneroos/","name":"In het spoor van zonneroos &#8211; Sound Image Culture","isPartOf":{"@id":"https://soundimageculture.org/fr/#website"},"primaryImageOfPage":{"@id":"https://soundimageculture.org/fr/film/in-het-spoor-van-zonneroos/#primaryimage"},"image":{"@id":"https://soundimageculture.org/fr/film/in-het-spoor-van-zonneroos/#primaryimage"},"thumbnailUrl":"https://soundimageculture.org/wp-content/uploads/2023/08/Hannah-Baillliu.jpg","datePublished":"2023-08-29T16:23:12+00:00","dateModified":"2023-12-20T10:39:36+00:00","breadcrumb":{"@id":"https://soundimageculture.org/fr/film/in-het-spoor-van-zonneroos/#breadcrumb"},"inLanguage":"fr-FR","potentialAction":[{"@type":"ReadAction","target":["https://soundimageculture.org/fr/film/in-het-spoor-van-zonneroos/"]}]},{"@type":"ImageObject","inLanguage":"fr-FR","@id":"https://soundimageculture.org/fr/film/in-het-spoor-van-zonneroos/#primaryimage","url":"https://soundimageculture.org/wp-content/uploads/2023/08/Hannah-Baillliu.jpg","contentUrl":"https://soundimageculture.org/wp-content/uploads/2023/08/Hannah-Baillliu.jpg","width":1600,"height":900},{"@type":"BreadcrumbList","@id":"https://soundimageculture.org/fr/film/in-het-spoor-van-zonneroos/#breadcrumb","itemListElement":[{"@type":"ListItem","position":1,"name":"Home","item":"https://soundimageculture.org/fr/"},{"@type":"ListItem","position":2,"name":"Films","item":"https://soundimageculture.org/fr/film/"},{"@type":"ListItem","position":3,"name":"In het spoor van zonneroos"}]},{"@type":"WebSite","@id":"https://soundimageculture.org/fr/#website","url":"https://soundimageculture.org/fr/","name":"Sound Image Culture","description":"Penser / Filmer","publisher":{"@id":"https://soundimageculture.org/fr/#organization"},"potentialAction":[{"@type":"SearchAction","target":{"@type":"EntryPoint","urlTemplate":"https://soundimageculture.org/fr/?s={search_term_string}"},"query-input":{"@type":"PropertyValueSpecification","valueRequired":true,"valueName":"search_term_string"}}],"inLanguage":"fr-FR"},{"@type":"Organization","@id":"https://soundimageculture.org/fr/#organization","name":"Sound Image Culture","url":"https://soundimageculture.org/fr/","logo":{"@type":"ImageObject","inLanguage":"fr-FR","@id":"https://soundimageculture.org/fr/#/schema/logo/image/","url":"https://soundimageculture.org/wp-content/uploads/2023/05/sic_logo_white_circle_vec.svg","contentUrl":"https://soundimageculture.org/wp-content/uploads/2023/05/sic_logo_white_circle_vec.svg","width":1,"height":1,"caption":"Sound Image Culture"},"image":{"@id":"https://soundimageculture.org/fr/#/schema/logo/image/"}}]}</script>
<!-- / Yoast SEO plugin. -->
